the highest common factor of 170 and 119.
17
What is the greatest common divisor of 500 and 100?
100
What is the highest common divisor of 204 and 12?
12
What is the greatest common divisor of 15 and 159?
3
Calculate the greatest common divisor of 41 and 23083.
41
Calculate the greatest common divisor of 5214 and 132.
66
What is the greatest common factor of 48524 and 28?
28
What is the highest common divisor of 143 and 33?
11
Calculate the highest common factor of 6 and 246.
6
Calculate the greatest common divisor of 130 and 494.
26
Calculate the highest common factor of 20104 and 7.
7
Calculate the greatest common divisor of 357 and 1309.
119
What is the highest common divisor of 703 and 370?
37
Calculate the highest common factor of 32 and 3488.
32
What is the greatest common divisor of 182 and 26?
26
What is the greatest common divisor of 192 and 24?
24
What is the greatest common factor of 92 and 506?
46
Calculate the highest common factor of 16 and 80.
16
Calculate the greatest common factor of 545 and 872.
109
Calculate the highest common factor of 8700 and 3300.
300
Calculate the highest common factor of 5340 and 570.
30
Calculate the greatest common factor of 21 and 87.
3
Calculate the greatest common factor of 1808 and 208.
16
Calculate the highest common divisor of 3509 and 242.
121
Calculate the greatest common factor of 98 and 168.
14
Calculate the greatest common divisor of 8700 and 2262.
174
What is the greatest common factor of 28 and 45220?
28
Calculate the highest common factor of 195 and 325.
65
What is the greatest common divisor of 580 and 3620?
20
Calculate the greatest common factor of 33 and 1034.
11
What is the highest common factor of 4128 and 288?
96
What is the greatest common factor of 28 and 14?
14
What is the greatest common factor of 46 and 2438?
46
Calculate the highest common divisor of 68 and 34.
34
What is the highest common factor of 20867 and 77?
77
What is the highest common factor of 4664 and 106?
106
Calculate the greatest common factor of 79 and 1343.
79
What is the greatest common divisor of 48 and 36?
12
What is the greatest common factor of 32 and 3328?
32
Calculate the highest common factor of 15 and 27735.
15
Calculate the highest common divisor of 17 and 187.
17
Calculate the highest common divisor of 980 and 80.
20
What is the highest common divisor of 2147 and 19?
19
What is the greatest common divisor of 85 and 17?
17
What is the greatest common divisor of 737 and 11?
11
Calculate the greatest common factor of 61 and 549.
61
Calculate the greatest common factor of 387 and 2637.
9
What is the greatest common factor of 243 and 162?
81
What is the greatest common divisor of 28 and 98?
14
Calculate the greatest common divisor of 73 and 73.
73
Calculate the highest common divisor of 99 and 18744.
33
What is the highest common factor of 11 and 539?
11
Calculate the highest common divisor of 2760 and 2640.
120
Calculate the highest common divisor of 520 and 1320.
40
Calculate the highest common factor of 32 and 2336.
32
What is the greatest common factor of 12 and 10092?
12
Calculate the highest common divisor of 737 and 220.
11
Calculate the highest common divisor of 34567 and 13.
13
What is the greatest common factor of 70 and 14?
14
Calculate the highest common factor of 12 and 6.
6
What is the greatest common divisor of 2345 and 5360?
335
Calculate the greatest common divisor of 70 and 560.
70
What is the greatest common factor of 423 and 282?
141
Calculate the highest common divisor of 39 and 16367.
13
What is the highest common divisor of 1626 and 6?
6
Calculate the highest common divisor of 54 and 6345.
27
Calculate the highest common factor of 340 and 17.
17
Calculate the greatest common divisor of 45 and 510.
15
Calculate the highest common divisor of 82 and 451.
41
Calculate the greatest common factor of 24 and 720.
24
What is the highest common divisor of 10 and 2?
2
What is the greatest common factor of 4560 and 640?
80
Calculate the greatest common divisor of 2 and 1678.
2
Calculate the greatest common divisor of 1605 and 45.
15
What is the greatest common factor of 54 and 189?
27
What is the highest common factor of 22 and 110?
22
What is the highest common factor of 6 and 12?
6
Calculate the greatest common factor of 129 and 301.
43
What is the greatest common factor of 441 and 18?
9
Calculate the greatest common divisor of 37 and 703.
37
What is the greatest common factor of 1595 and 110?
55
What is the highest common divisor of 63 and 133?
7
What is the highest common divisor of 8 and 90?
2
Calculate the greatest common divisor of 16 and 5528.
8
What is the greatest common divisor of 1408 and 192?
64
What is the highest common factor of 18 and 282?
6
Calculate the highest common factor of 96 and 24.
24
Calculate the greatest common divisor of 56 and 217.
7
Calculate the highest common divisor of 12 and 15.
3
What is the highest common divisor of 25 and 50?
25
What is the highest common divisor of 161 and 46?
23
What is the highest common factor of 588 and 21?
21
Calculate the highest common factor of 32 and 160.
32
Calculate the greatest common factor of 530 and 250.
10
Calculate the greatest common divisor of 112 and 532.
28
What is the greatest common divisor of 26 and 130?
26
What is the highest common divisor of 60 and 2?
2
Calculate the highest common divisor of 9 and 6.
3
Calculate the highest common factor of 12 and 1776.
12
Calculate the highest common factor of 784 and 868.
28
Calculate the greatest common factor of 15 and 6285.
15
Calculate the highest common divisor of 126 and 18.
18
What is the highest common divisor of 3576 and 96?
24
Calculate the greatest common divisor of 45 and 75.
15
Calculate the highest common divisor of 9 and 105.
3
What is the greatest common factor of 33 and 5907?
33
What is the greatest common divisor of 207 and 126?
9
What is the highest common factor of 55 and 100?
5
What is the highest common divisor of 14 and 217?
7
What is the highest common factor of 286 and 3302?
26
Calculate the greatest common divisor of 48 and 6528.
48
Calculate the highest common factor of 228 and 5814.
114
What is the highest common factor of 245 and 441?
49
What is the greatest common factor of 106 and 2?
2
Calculate the greatest common divisor of 625 and 650.
25
What is the greatest common divisor of 68 and 2754?
34
Calculate the highest common divisor of 216 and 1647.
27
Calculate the greatest common divisor of 77 and 47201.
77
Calculate the highest common factor of 8207 and 261.
29
What is the greatest common factor of 705 and 75?
15
Calculate the greatest common divisor of 976 and 61.
61
What is the highest common factor of 20 and 310?
10
What is the highest common divisor of 100 and 1150?
50
What is the greatest common divisor of 16216 and 8?
8
Calculate the highest common factor of 160 and 4288.
32
What is the greatest common factor of 156 and 25428?
156
Calculate the greatest common divisor of 16002 and 126.
126
What is the greatest common factor of 1060 and 40?
20
Calculate the greatest common divisor of 906 and 6.
6
Calculate the highest common factor of 30 and 144.
6
Calculate the greatest common factor of 84 and 492.
12
Calculate the highest common factor of 2691 and 234.
117
What is the greatest common divisor of 81 and 3?
3
Calculate the highest common factor of 797 and 1.
1
Calculate the highest common divisor of 155 and 80.
5
What is the highest common divisor of 2350 and 25?
25
Calculate the highest common factor of 455 and 130.
65
Calculate the highest common divisor of 5 and 465.
5
Calculate the greatest common divisor of 10 and 115.
5
What is the highest common factor of 210 and 84?
42
Calculate the greatest common factor of 217 and 62.
31
Calculate the greatest common factor of 2314 and 52.
26
What is the highest common factor of 80 and 1930?
10
Calculate the highest common factor of 498 and 1328.
166
Calculate the highest common factor of 27 and 12.
3
What is the highest common factor of 102 and 6?
6
Calculate the greatest common factor of 1817 and 207.
23
What is the highest common factor of 34 and 1088?
34
What is the highest common divisor of 133 and 12901?
133
What is the highest common divisor of 1060 and 280?
20
What is the highest 